highest common factor of n and 168.
24
Let t(d) = 2876 - 2935 - 5*d**2 + 17*d**2 + 17*d. Let h be t(7). Calculate the highest common divisor of 27 and h.
27
Let h be (((-16)/(-8))/2)/(1/11). Let w(k) = -k**2 + 14*k + 24. Let f be w(h). What is the highest common divisor of 19 and f?
19
Suppose -6*f - 439 = -1759. Suppose -2*x - 10 = 2*w - 38, 5*w - 30 = 5*x. Calculate the highest common factor of f and w.
10
Let k = -19 - -16. Let z be 5 + -2 + 0 + 3 + k. What is the highest common factor of z and 21?
3
Let j(h) = -14*h + 14. Let b be j(1). Suppose b = -n + 26 + 27. Let a = -115 + 221. What is the greatest common factor of n and a?
53
Suppose -4*k + 256 = 5*g, -2*g + 91 = -4*k + 39. Calculate the highest common factor of g and 517.
11
Suppose 10 = 3*j + 2*j, -3*j = v - 2. Let u(m) = -137*m - 80. Let f be u(v). Calculate the highest common factor of 52 and f.
52
Suppose 0 = 2*q - 51*g + 50*g - 1977, 5*g = 2*q - 1989. What is the greatest common divisor of 21 and q?
21
Suppose 15*l + 5*l - 80 = 0. Let p = 8 - 6. Suppose -30 = -y + 4*o + p, -4*o + 64 = 5*y. Calculate the highest common factor of y and l.
4
Suppose -2088*d + 2028*d = -1860. Let m(c) = 8*c**2 + 4*c + 6. Let o be m(-5). Calculate the highest common factor of o and d.
31
Let h be ((-36)/(-8) - -2)*34. Let w = -368 - -381. What is the greatest common divisor of h and w?
13
Suppose -4*n - 5*h = -8*n + 9025, 4*n = 2*h + 9010. Calculate the highest common factor of 270 and n.
90
Let j(x) = x**2 + 2*x - 9. Let k(b) = -b. Let f(l) = -j(l) - 4*k(l). Let v be f(-3). Let u be 10/(-2)*(-7 - v). Calculate the highest common factor of u and 50.
5
Let i = -20 + 19. Let n(k) = -3*k + 16*k**2 + 31*k**2 - 2 + 18*k**2. Let d be n(i). Calculate the highest common divisor of 110 and d.
22
Suppose -29 - 571 = -606*t + 531*t. Suppose b = p - 144, -262 = -4*p + 3*b + 310. Let w = 196 - p. Calculate the greatest common divisor of w and t.
8
Suppose 5*s = -11*a + 7*a + 2375, 15 = 5*s. What is the greatest common divisor of 80 and a?
10
Suppose -13*c + c + 120 = 0. Suppose 160 = -c*q + 15*q. What is the greatest common factor of q and 40?
8
Let w = 9346 - 9014. What is the highest common factor of w and 4150?
166
Let s = 281 - 203. Suppose 0*i + i + 2109 = 3*v, 3*v = -5*i + 2091. What is the greatest common factor of s and v?
78
Let b = -18 + 6. Let q be (-780)/(-14) - 1*b/42. Let z = 62 - q. Calculate the highest common divisor of 36 and z.
6
Let b be (16/(-10))/(1/(-5)). Suppose 0 = 2*p - 2*n - 146, -26*n - 247 = -3*p - 30*n. Let o be 330/p - 4/14. Calculate the greatest common factor of b and o.
4
Let w = 6916 - 6872. Suppose 5*h = -0*h + 2*l + 171, 3*h = -2*l + 93. What is the greatest common factor of w and h?
11
Let c = 101 - 17. Let q(o) = -12*o**2 - 2*o + 4. Let f be q(1). Let z be (-42)/70 - (586/f - -2). What is the greatest common divisor of c and z?
28
Suppose 478 + 227 = 5*y. Let l = 222 - y. Let w be 7 - (2*-1 + 0). Calculate the highest common divisor of w and l.
9
Suppose -2*w - 74 = -2*o, 49*o + 162 = 53*o + 3*w. Calculate the greatest common factor of o and 2704.
13
Suppose 0 = 13*r - 16*r + 12. Suppose -r*h = -2*h - 210. Let u(q) = -16*q - 75. Let s be u(-6). Calculate the greatest common divisor of s and h.
21
Suppose -3*a + 74 + 175 = 0. Calculate the greatest common divisor of 83 and a.
83
Let s(u) = -7*u**3 + u**2 + 3*u + 3. Let w be s(-1). Suppose -110 = -9*t - t. Suppose 0 = m - t + 9. Calculate the greatest common divisor of m and w.
2
Suppose -29 = -5*k + 111. Let d(a) = 319 + 5*a - 317 + k*a**2 - 2*a. Let i be d(-2). Calculate the highest common factor of i and 12.
12
Let v be (-1248)/216 + (-4)/18. Let o be (4 + v)*((-7)/(-2))/(-1). What is the highest common factor of o and 14?
7
Suppose -7*p = -23 + 51. Let j be p + 1 + 75/(-8 - -13). What is the greatest common divisor of 60 and j?
12
Let r(n) = 7*n - 130. Let x be r(19). Suppose -6*g + 47 = w - 9*g, 2*w - 79 = x*g. What is the greatest common divisor of w and 336?
16
Let n = 13812 - 13779. Suppose 7*w - 440 = 2*w. Calculate the greatest common divisor of w and n.
11
Let g(y) = -12*y - 428. Let o be g(-36). Suppose 0 = -5*p + o*p - 2*c + 18, 130 = 5*p + 2*c. What is the highest common divisor of 602 and p?
14
Let b(a) = 704*a**2 + 39*a + 37. Let s be b(-1). Calculate the highest common factor of s and 54.
54
Suppose 5*c = -2*c + 14. Suppose -c*d + 3 + 7 = 0. Suppose -m - 2*v = v - 278, -1374 = -d*m + v. What is the highest common factor of m and 25?
25
Suppose -77*g + 33 = -66*g. Suppose g*f = -3*r + 846, 2*f + 89 = 3*r - 772. Calculate the greatest common factor of 30 and r.
15
Suppose 178*g + 490*g = 1014692. Calculate the greatest common divisor of g and 35.
7
Let f(q) = 5*q**2 + 9*q - 10. Let m(b) = -11*b**2 - 14*b + 21. Let x(v) = 5*f(v) + 2*m(v). Let w be x(-14). What is the highest common factor of w and 18?
18
Let o = -15065 + 22770. Calculate the greatest common divisor of o and 46.
23
Suppose 12322 = 28*g + 4342. Calculate the highest common factor of 25 and g.
5
Let w(z) be the second derivative of -z**3/6 + 16*z**2 - 128*z. Let t be w(-49). Calculate the greatest common factor of 135 and t.
27
Suppose -10*b - 2*b = -168. Let z be (-6)/(-24) + (-11469)/(-12) + -2. Suppose 5*u + 184 = z. Calculate the greatest common divisor of u and b.
14
Let k = -3721 - -5746. What is the highest common divisor of k and 162?
81
Suppose 1627 = 70*z - 893. Suppose 3*y - 87 = 3*c, 3*c + 41 = y + 10. Let l = y - 19. What is the highest common factor of z and l?
9
Suppose 0 = -110*q + 100*q + 630. Calculate the greatest common divisor of 1393 and q.
7
Let t = 3163 + 1093. Suppose -40*n - t = -56*n. Calculate the greatest common factor of 114 and n.
38
Let h = -58 - -67. Let y(l) = 7 + l**2 - 18 - 5*l - h. Let i be y(13). What is the highest common divisor of i and 21?
21
Suppose 86*q - 3749 = -2029. Calculate the highest common factor of 18740 and q.
20
Let i(r) be the second derivative of -16*r**2 + 0 - 5/6*r**3 + 5*r - 1/20*r**5 - 5/6*r**4. Let c be i(-10). What is the greatest common factor of 54 and c?
18
Let z(o) = -10*o + 130. Let v be z(13). Suppose v = 11*t - 19*t + 320. Calculate the greatest common factor of 60 and t.
20
Suppose 6 = 5*c - 114. Let b = -199 + 220. Suppose -18*k = -b*k + 216. What is the highest common divisor of c and k?
24
Let n(t) = 3*t**3 - 12*t**2 - 29*t - 1. Let d be n(-2). Let a(q) = q + 29. Let c be a(d). What is the greatest common divisor of 28 and c?
14
Suppose -5*l - 66*l = -492953. Calculate the highest common factor of l and 53.
53
Let m be (-2704)/(-144) - 19 - (-10804)/18. What is the greatest common factor of 975 and m?
75
Let h be -18 + 20 - 21020/(10/(-5)). Calculate the greatest common factor of 96 and h.
48
Suppose -128*t + 130*t - 5*i = 12038, 2*i = -5*t + 30066. Calculate the greatest common factor of 62 and t.
62
Suppose -85*l + 84 = -78*l. Suppose 3*t = -3 + l. What is the highest common factor of 27 and t?
3
Suppose 4070*j = 4054*j + 18880. What is the highest common divisor of 20 and j?
20
Suppose -82*n + 3*g - 150 = -84*n, 348 = 5*n + 3*g. Calculate the highest common factor of n and 561.
33
Let p = 225 - 114. Let x = -107 + p. Suppose -4*l - 3*y + 61 = -x*y, 5*l - 65 = 5*y. What is the greatest common divisor of l and 80?
16
Let w(m) = 2*m**2 + 86*m + 20. Let b be w(-43). What is the highest common divisor of b and 272?
4
Let x = -215 - 45. Let k = x + 327. What is the greatest common divisor of k and 335?
67
Let g(u) = -25*u + 335. Let d be g(25). Let n be d*((-44)/8 - 0). What is the highest common divisor of 55 and n?
55
Suppose 5*k - 210 = -9*o + 612, 5*k = -o + 838. Let i(s) = -3*s**3 + 3*s**2 - 3. Let v be i(-3). What is the greatest common factor of k and v?
21
Let s = -157 + 189. Let u = 33 - s. What is the greatest common divisor of 8 and u?
1
Suppose -g + 4*m = -28, -g + 20 = -2*m - 0*m. Let h = -54 - -78. Calculate the highest common divisor of g and h.
12
Let a be 6*(12/(-102) - 46/(-102)). What is the highest common factor of 1142 and a?
2
Let l(j) = -j**2 - 168*j - 2925. Let t be l(-24). Calculate the highest common factor of t and 354.
177
Let k(o) = -637*o**3 - 3*o**2 + 20*o + 39. Let i be k(-2). Calculate the greatest common factor of i and 34.
17
Let y be (13/(